{"id":358,"date":"2020-03-17T08:53:53","date_gmt":"2020-03-17T08:53:53","guid":{"rendered":"https:\/\/tsf-duelmen.de\/?page_id=358"},"modified":"2026-03-06T08:55:10","modified_gmt":"2026-03-06T08:55:10","slug":"gebuehrenordnung","status":"publish","type":"page","link":"https:\/\/tsf-duelmen.de\/index.php\/gebuehrenordnung\/","title":{"rendered":"Geb\u00fchrenordnung"},"content":{"rendered":"\t\t<div data-elementor-type=\"wp-page\" data-elementor-id=\"358\" class=\"elementor elementor-358\" data-elementor-post-type=\"page\">\n\t\t\t\t\t\t<section class=\"elementor-section elementor-top-section elementor-element elementor-element-fab3734 elementor-section-boxed elementor-section-height-default elementor-section-height-default\" data-id=\"fab3734\" data-element_type=\"section\" data-e-type=\"section\">\n\t\t\t\t\t\t<div class=\"elementor-container elementor-column-gap-default\">\n\t\t\t\t\t<div class=\"elementor-column elementor-col-100 elementor-top-column elementor-element elementor-element-e3a27d5\" data-id=\"e3a27d5\" data-element_type=\"column\" data-e-type=\"column\">\n\t\t\t<div class=\"elementor-widget-wrap elementor-element-populated\">\n\t\t\t\t\t\t<div class=\"elementor-element elementor-element-fbb269c elementor-widget elementor-widget-heading\" data-id=\"fbb269c\" data-element_type=\"widget\" data-e-type=\"widget\" data-widget_type=\"heading.default\">\n\t\t\t\t<div class=\"elementor-widget-container\">\n\t\t\t\t\t<h2 class=\"elementor-heading-title elementor-size-default\">Geb\u00fchrenordnung<\/h2>\t\t\t\t<\/div>\n\t\t\t\t<\/div>\n\t\t\t\t\t<\/div>\n\t\t<\/div>\n\t\t\t\t\t<\/div>\n\t\t<\/section>\n\t\t\t\t<section class=\"elementor-section elementor-top-section elementor-element elementor-element-5034a29 elementor-section-boxed elementor-section-height-default elementor-section-height-default\" data-id=\"5034a29\" data-element_type=\"section\" data-e-type=\"section\">\n\t\t\t\t\t\t<div class=\"elementor-container elementor-column-gap-default\">\n\t\t\t\t\t<div class=\"elementor-column elementor-col-100 elementor-top-column elementor-element elementor-element-27d63b1\" data-id=\"27d63b1\" data-element_type=\"column\" data-e-type=\"column\">\n\t\t\t<div class=\"elementor-widget-wrap elementor-element-populated\">\n\t\t\t\t\t\t<div class=\"elementor-element elementor-element-234ee6a elementor-widget elementor-widget-text-editor\" data-id=\"234ee6a\" data-element_type=\"widget\" data-e-type=\"widget\" data-widget_type=\"text-editor.default\">\n\t\t\t\t<div class=\"elementor-widget-container\">\n\t\t\t\t\t\t\t\t\t<p style=\"font-weight: 400;\"><u><strong>Geb\u00fchrenordnung der TanzSportfreundeD\u00fclmen e.V.<\/strong><\/u><\/p><p style=\"font-weight: 400;\"><strong>inkl. Anlage I zur Geb\u00fchrenordnung<\/strong><\/p><ul><li style=\"font-weight: 400;\">1 Geb\u00fchren<br \/>(1) Vereinsmitglieder, die als Betreuer bei den TanzSportFreunden D\u00fclmen e.V. ehrenamtlich t\u00e4tig sind und aktiv an geleiteten \u00dcbungseinheiten teilnehmen, zahlen f\u00fcr jeden Kalendermonat, in dem ihre Mitgliedschaft besteht, eine Geb\u00fchr.<br \/>(2) Vereinsmitglieder, die am Meisterschaftstraining teilnehmen, zahlen f\u00fcr jede Trainingseinheit eine Geb\u00fchr. Von dieser Geb\u00fchr ausgenommen sind bis zu 8 zus\u00e4tzliche Trainingseinheiten pro Jahr.<br \/>(3) Die H\u00f6he der Geb\u00fchr ergibt sich aus der Anlage I zu dieser Geb\u00fchrenordnung<\/li><li style=\"font-weight: 400;\">2 Mitgliedschaft im Meisterschaftsbereich<br \/>(1) Mitglieder des Meisterschaftsbereichs sind verpflichtet in einer Basisgruppe der TanzSportFreunde D\u00fclmen e.V. regelm\u00e4\u00dfig am Trainingsbetrieb teilzunehmen.<br \/>(2) Ohne Teilnahme am Basisgruppen-Training ist die Teilnahmen an nationalen und internationalen Meisterschaften f\u00fcr die TanzSportFreunde D\u00fclmen e.V. nicht m\u00f6glich.<br \/>(3) Die Mitgliedschaft in einer Meisterschaftsgruppe beginnt mit der erstmaligen Teilnahme am jeweiligen Trainingsbetrieb.<br \/>(4) \u00dcber die Teilnahme in der jeweiligen Meisterschaftsgruppe entscheidet der jeweilige Trainer. Der Vorstand hat die M\u00f6glichkeit und das Recht jederzeit bei diesen Entscheidungen mitzuwirken. Die Entscheidungen werden jeweils auf Basis des jeweiligen Leistungsniveaus des Vereinsmitglieds getroffen.<br \/>(5) Die Trainer entscheiden \u00fcber die Nominierung der Mitglieder des Meister-schaftsbereichs f\u00fcr nationale und internationale Wettk\u00e4mpfe. Der Vorstand hat die M\u00f6glichkeit und das Recht jederzeit bei diesen Entscheidungen mit-zuwirken. Die Entscheidungen werden jeweils auf Basis des jeweiligen Leistungsniveaus des Vereinsmitglieds getroffen.<\/li><li style=\"font-weight: 400;\">3 Ende der Mitgliedschaft<br \/>(1) Jedes Vereinsmitglied hat die M\u00f6glichkeit jeweils zum Quartalsende aus dem Meisterschaftsbereich auszutreten.<br \/>(2) Es gelten die Bestimmungen der jeweils g\u00fcltigen Satzung der TanzSportFreunde D\u00fclmen e.V.<\/li><li style=\"font-weight: 400;\">4 Mitgliedschaft in anderen Tanzsportvereinen<br \/>Mitgliedschaften in anderen Tanzsportvereinen bleiben ohne Einfluss auf die Geb\u00fchren.<\/li><li style=\"font-weight: 400;\">5 Mitgliedschaft als Betreuer<br \/>(1) Die Aufnahme als Betreuer muss in Schriftform beantragt werden. Minder-j\u00e4hrige sind von dieser T\u00e4tigkeit ausgenommen. Die Mitgliedschaft beginnt zum beantragten Termin, falls der Vorstand den Aufnahmeantrag annimmt.<br \/>(2) Betreuer k\u00f6nnen Eltern werden, die sich um Kinder- und\/oder Jugendgruppen bei den TanzSportFreunden D\u00fclmen e.V. k\u00fcmmern.<br \/>(3) Der Vorstand legt durch ein Antragsformular fest, welche pers\u00f6nlichen An-gaben gemacht werden m\u00fcssen.<br \/>(4) Der Vorstand entscheidet \u00fcber die Ernennung als Betreuer. Eine Abberufung kann jederzeit ohne Angabe von Gr\u00fcnden erfolgen.<br \/>(5) Der Vorstand legt die Anzahl der Betreuer f\u00fcr die jeweilige Gruppe fest.<br \/>(6) F\u00fcr das j\u00fcngste Kind eines Betreuers wird ein reduzierter Beitrag gew\u00e4hrt (Betreuerrabatt). Die H\u00f6he dieses Beitrages ergibt sich aus der jeweils g\u00fcltigen Beitragsordnung. F\u00fcr Erwachsene entf\u00e4llt der Rabatt.<br \/>(7) Die Kombination von dem Familienrabatt und dem Betreuerrabatt ist ausgeschlossen.<\/li><li style=\"font-weight: 400;\">6 Bezahlung von Geb\u00fchren im Meisterschaftsbereich<br \/>(1) Geb\u00fchren werden durch Lastschrift eingezogen.<br \/>(2) Der Lastschrifteinzug f\u00fcr den Meisterschaftsbereich erfolgt f\u00fcr regelm\u00e4\u00dfige Geb\u00fchrenleistungen einmal im Quartal.<br \/>(3) Die Vereinsmitglieder sind verpflichtet, \u00c4nderungen der Kontoverbindung, insbesondere die in 2014 eingef\u00fchrte BIC und IBAN, unaufgefordert und unverz\u00fcglich dem Verein mitzuteilen.<br \/>(4) Wird eine Lastschrift von der bezogenen Bank nicht eingel\u00f6st oder vom Kontoinhaber widerrufen, so wird eine einmalige Geb\u00fchr erhoben. Der Ver-<br \/>ein wird sodann das Mitglied \u2013 soweit m\u00f6glich \u2013 per eMail oder Briefpost \u00fcber den R\u00fcckstand in Kenntnis setzen. Das Mitglied muss dann innerhalb von 30 Tagen den R\u00fcckstand einschlie\u00dflich der R\u00fcckl\u00e4ufergeb\u00fchr per \u00dcberweisung auf das Vereinskonto ausgleichen. Wird die Zahlung nicht ge-leistet, wird das Mitglied von der Teilnahme am Meisterschaftstraining so-wie nationalen und internationalen Wettk\u00e4mpfen ausgeschlossen.<\/li><\/ul><ul><li style=\"font-weight: 400;\">7 Gew\u00e4hrung von Familienrabatt<br \/>Die Gew\u00e4hrung eines zus\u00e4tzlichen Familienrabatts ist sowohl f\u00fcr den Meisterschaftsbereich als auch f\u00fcr Vereinsmitglieder, die als Betreuer t\u00e4tig sind, ausgeschlossen.<\/li><li style=\"font-weight: 400;\">8 Erreichbarkeit per eMail<br \/>(1) F\u00fcr die vereinsinterne Verwaltung kommuniziert der Verein mit seinen Mitgliedern effizient und kosteng\u00fcnstig per eMail.<br \/>(2) Mitglieder, die keine erreichbare eMail-Adresse benennen, m\u00fcssen eine zus\u00e4tzliche Geb\u00fchr zahlen.<br \/>(3) Die zus\u00e4tzliche Geb\u00fchr wird auch erhoben, nachdem sich eine benannte eMail-Adresse als dauerhaft nicht erreichbar herausgestellt hat.<\/li><li style=\"font-weight: 400;\">9 Schlussbestimmungen<br \/>(1) Alle Erkl\u00e4rungen im Zusammenhang mit der Mitgliedschaft im Meister-schaftsbereich, die ein Mitglied gegen\u00fcber dem Verein abgibt, bed\u00fcrfen der Schriftform.<br \/>(2) Erkl\u00e4rungen des Vereins in Zusammenhang mit der Mitgliedschaft erfolgen in Schriftform. Die \u00dcbermittlung erfolgt im Regelfall per eMail.<br \/>(3) F\u00fcr \u00c4nderungen dieser Geb\u00fchrenordnung gilt die Regelung in der jeweils g\u00fcltigen Satzung.<\/li><\/ul><p style=\"font-weight: 400;\"><u><strong>Anlage I zur Geb\u00fchrenordnung<\/strong><\/u><\/p><p style=\"font-weight: 400;\"><strong>Geb\u00fchren ab 01.03.2026<\/strong><\/p><p style=\"font-weight: 400;\"><strong>Einmalige Geb\u00fchren (in Euro)<\/strong><\/p><table style=\"font-weight: 400;\"><tbody><tr><td width=\"385\"><p><strong>Anlass<\/strong><\/p><\/td><td width=\"229\"><p><strong>Einmalige Geb\u00fchr<\/strong><\/p><\/td><\/tr><tr><td width=\"385\"><p>Aufnahme in den Verein<\/p><\/td><td width=\"229\"><p>30,00<\/p><\/td><\/tr><tr><td width=\"385\"><p>R\u00fccklauf einer Lastschrift f\u00fcr Beitr\u00e4ge oder Geb\u00fchren<\/p><\/td><td width=\"229\"><p>5,00<\/p><\/td><\/tr><tr><td width=\"385\"><p>Fremdgeb\u00fchren, die dem Verein auf Veranlassung des Mitglieds entstehen<\/p><\/td><td width=\"229\"><p>werden in gleicher H\u00f6he weiterberechnet<\/p><\/td><\/tr><tr><td width=\"385\"><p>Schl\u00fcsselpfand pro Schl\u00fcssel<\/p><\/td><td width=\"229\"><p>40,00<\/p><\/td><\/tr><\/tbody><\/table><p style=\"font-weight: 400;\"><strong><em>Geb\u00fchren pro Person (in Euro)<\/em><\/strong><\/p><table style=\"font-weight: 400;\"><tbody><tr><td width=\"385\"><p><strong>Anlass<\/strong><\/p><\/td><td width=\"229\"><p><strong>Geb\u00fchr<\/strong><\/p><\/td><\/tr><tr><td width=\"385\"><p>Meisterschaftstraining Solo \/ Duo<\/p><p><em>pro Stunde<\/em><\/p><\/td><td width=\"229\"><p>3,00<\/p><\/td><\/tr><tr><td width=\"385\"><p>Meisterschaftstraining Small-Group<\/p><p><em>pro Stunde<\/em><\/p><\/td><td width=\"229\"><p>2,50<\/p><\/td><\/tr><tr><td width=\"385\"><p>Meisterschaftstraining Formation<\/p><p><em>pro Stunde<\/em><\/p><\/td><td width=\"229\"><p>2,50<\/p><\/td><\/tr><tr><td width=\"385\"><p>Zusatzgeb\u00fchr f\u00fcr aktive Mitglieder ohne erreichbare eMail-Adresse<\/p><p><em>pro Monat<\/em><\/p><\/td><td width=\"229\"><p>1,00<\/p><\/td><\/tr><\/tbody><\/table>\t\t\t\t\t\t\t\t<\/div>\n\t\t\t\t<\/div>\n\t\t\t\t\t<\/div>\n\t\t<\/div>\n\t\t\t\t\t<\/div>\n\t\t<\/section>\n\t\t\t\t<\/div>\n\t\t","protected":false},"excerpt":{"rendered":"<p>Geb\u00fchrenordnung Geb\u00fchrenordnung der TanzSportfreundeD\u00fclmen e.V. inkl. Anlage I zur Geb\u00fchrenordnung 1 Geb\u00fchren(1) Vereinsmitglieder, die als Betreuer bei den TanzSportFreunden D\u00fclmen e.V. ehrenamtlich t\u00e4tig sind und aktiv an geleiteten \u00dcbungseinheiten teilnehmen, zahlen f\u00fcr jeden Kalendermonat, in dem ihre Mitgliedschaft besteht, eine Geb\u00fchr.(2) Vereinsmitglieder, die am Meisterschaftstraining teilnehmen, zahlen f\u00fcr jede Trainingseinheit [&hellip;]<\/p>\n","protected":false},"author":1,"featured_media":0,"parent":0,"menu_order":2,"comment_status":"closed","ping_status":"closed","template":"page-templates\/template-pagebuilder-full-width.php","meta":{"footnotes":""},"class_list":["post-358","page","type-page","status-publish","hentry"],"yoast_head":"<!-- This site is optimized with the Yoast SEO plugin v27.5 - https:\/\/yoast.com\/product\/yoast-seo-wordpress\/ -->\n<title>Geb\u00fchrenordnung - TSF D\u00fclmen<\/title>\n<meta name=\"robots\" content=\"index, follow, max-snippet:-1, max-image-preview:large, max-video-preview:-1\" \/>\n<link rel=\"canonical\" href=\"https:\/\/tsf-duelmen.de\/index.php\/gebuehrenordnung\/\" \/>\n<meta property=\"og:locale\" content=\"de_DE\" \/>\n<meta property=\"og:type\" content=\"article\" \/>\n<meta property=\"og:title\" content=\"Geb\u00fchrenordnung - TSF D\u00fclmen\" \/>\n<meta property=\"og:description\" content=\"Geb\u00fchrenordnung Geb\u00fchrenordnung der TanzSportfreundeD\u00fclmen e.V. inkl. Anlage I zur Geb\u00fchrenordnung 1 Geb\u00fchren(1) Vereinsmitglieder, die als Betreuer bei den TanzSportFreunden D\u00fclmen e.V. ehrenamtlich t\u00e4tig sind und aktiv an geleiteten \u00dcbungseinheiten teilnehmen, zahlen f\u00fcr jeden Kalendermonat, in dem ihre Mitgliedschaft besteht, eine Geb\u00fchr.(2) Vereinsmitglieder, die am Meisterschaftstraining teilnehmen, zahlen f\u00fcr jede Trainingseinheit [&hellip;]\" \/>\n<meta property=\"og:url\" content=\"https:\/\/tsf-duelmen.de\/index.php\/gebuehrenordnung\/\" \/>\n<meta property=\"og:site_name\" content=\"TSF D\u00fclmen\" \/>\n<meta property=\"article:modified_time\" content=\"2026-03-06T08:55:10+00:00\" \/>\n<meta name=\"twitter:card\" content=\"summary_large_image\" \/>\n<meta name=\"twitter:label1\" content=\"Gesch\u00e4tzte Lesezeit\" \/>\n\t<meta name=\"twitter:data1\" content=\"5\u00a0Minuten\" \/>\n<script type=\"application\/ld+json\" class=\"yoast-schema-graph\">{\"@context\":\"https:\\\/\\\/schema.org\",\"@graph\":[{\"@type\":\"WebPage\",\"@id\":\"https:\\\/\\\/tsf-duelmen.de\\\/index.php\\\/gebuehrenordnung\\\/\",\"url\":\"https:\\\/\\\/tsf-duelmen.de\\\/index.php\\\/gebuehrenordnung\\\/\",\"name\":\"Geb\u00fchrenordnung - TSF D\u00fclmen\",\"isPartOf\":{\"@id\":\"https:\\\/\\\/tsf-duelmen.de\\\/#website\"},\"datePublished\":\"2020-03-17T08:53:53+00:00\",\"dateModified\":\"2026-03-06T08:55:10+00:00\",\"breadcrumb\":{\"@id\":\"https:\\\/\\\/tsf-duelmen.de\\\/index.php\\\/gebuehrenordnung\\\/#breadcrumb\"},\"inLanguage\":\"de\",\"potentialAction\":[{\"@type\":\"ReadAction\",\"target\":[\"https:\\\/\\\/tsf-duelmen.de\\\/index.php\\\/gebuehrenordnung\\\/\"]}]},{\"@type\":\"BreadcrumbList\",\"@id\":\"https:\\\/\\\/tsf-duelmen.de\\\/index.php\\\/gebuehrenordnung\\\/#breadcrumb\",\"itemListElement\":[{\"@type\":\"ListItem\",\"position\":1,\"name\":\"Home\",\"item\":\"https:\\\/\\\/tsf-duelmen.de\\\/\"},{\"@type\":\"ListItem\",\"position\":2,\"name\":\"Geb\u00fchrenordnung\"}]},{\"@type\":\"WebSite\",\"@id\":\"https:\\\/\\\/tsf-duelmen.de\\\/#website\",\"url\":\"https:\\\/\\\/tsf-duelmen.de\\\/\",\"name\":\"TSF D\u00fclmen\",\"description\":\"Tanzen ist tr\u00e4umen mit de F\u00fcssen\",\"publisher\":{\"@id\":\"https:\\\/\\\/tsf-duelmen.de\\\/#organization\"},\"potentialAction\":[{\"@type\":\"SearchAction\",\"target\":{\"@type\":\"EntryPoint\",\"urlTemplate\":\"https:\\\/\\\/tsf-duelmen.de\\\/?s={search_term_string}\"},\"query-input\":{\"@type\":\"PropertyValueSpecification\",\"valueRequired\":true,\"valueName\":\"search_term_string\"}}],\"inLanguage\":\"de\"},{\"@type\":\"Organization\",\"@id\":\"https:\\\/\\\/tsf-duelmen.de\\\/#organization\",\"name\":\"TSF D\u00fclmen\",\"url\":\"https:\\\/\\\/tsf-duelmen.de\\\/\",\"logo\":{\"@type\":\"ImageObject\",\"inLanguage\":\"de\",\"@id\":\"https:\\\/\\\/tsf-duelmen.de\\\/#\\\/schema\\\/logo\\\/image\\\/\",\"url\":\"https:\\\/\\\/tsf-duelmen.de\\\/wp-content\\\/uploads\\\/2019\\\/12\\\/cropped-TSF_Logo_wH_RZ.png\",\"contentUrl\":\"https:\\\/\\\/tsf-duelmen.de\\\/wp-content\\\/uploads\\\/2019\\\/12\\\/cropped-TSF_Logo_wH_RZ.png\",\"width\":1387,\"height\":793,\"caption\":\"TSF D\u00fclmen\"},\"image\":{\"@id\":\"https:\\\/\\\/tsf-duelmen.de\\\/#\\\/schema\\\/logo\\\/image\\\/\"}}]}<\/script>\n<!-- \/ Yoast SEO plugin. -->","yoast_head_json":{"title":"Geb\u00fchrenordnung - TSF D\u00fclmen","robots":{"index":"index","follow":"follow","max-snippet":"max-snippet:-1","max-image-preview":"max-image-preview:large","max-video-preview":"max-video-preview:-1"},"canonical":"https:\/\/tsf-duelmen.de\/index.php\/gebuehrenordnung\/","og_locale":"de_DE","og_type":"article","og_title":"Geb\u00fchrenordnung - TSF D\u00fclmen","og_description":"Geb\u00fchrenordnung Geb\u00fchrenordnung der TanzSportfreundeD\u00fclmen e.V. inkl. Anlage I zur Geb\u00fchrenordnung 1 Geb\u00fchren(1) Vereinsmitglieder, die als Betreuer bei den TanzSportFreunden D\u00fclmen e.V. ehrenamtlich t\u00e4tig sind und aktiv an geleiteten \u00dcbungseinheiten teilnehmen, zahlen f\u00fcr jeden Kalendermonat, in dem ihre Mitgliedschaft besteht, eine Geb\u00fchr.(2) Vereinsmitglieder, die am Meisterschaftstraining teilnehmen, zahlen f\u00fcr jede Trainingseinheit [&hellip;]","og_url":"https:\/\/tsf-duelmen.de\/index.php\/gebuehrenordnung\/","og_site_name":"TSF D\u00fclmen","article_modified_time":"2026-03-06T08:55:10+00:00","twitter_card":"summary_large_image","twitter_misc":{"Gesch\u00e4tzte Lesezeit":"5\u00a0Minuten"},"schema":{"@context":"https:\/\/schema.org","@graph":[{"@type":"WebPage","@id":"https:\/\/tsf-duelmen.de\/index.php\/gebuehrenordnung\/","url":"https:\/\/tsf-duelmen.de\/index.php\/gebuehrenordnung\/","name":"Geb\u00fchrenordnung - TSF D\u00fclmen","isPartOf":{"@id":"https:\/\/tsf-duelmen.de\/#website"},"datePublished":"2020-03-17T08:53:53+00:00","dateModified":"2026-03-06T08:55:10+00:00","breadcrumb":{"@id":"https:\/\/tsf-duelmen.de\/index.php\/gebuehrenordnung\/#breadcrumb"},"inLanguage":"de","potentialAction":[{"@type":"ReadAction","target":["https:\/\/tsf-duelmen.de\/index.php\/gebuehrenordnung\/"]}]},{"@type":"BreadcrumbList","@id":"https:\/\/tsf-duelmen.de\/index.php\/gebuehrenordnung\/#breadcrumb","itemListElement":[{"@type":"ListItem","position":1,"name":"Home","item":"https:\/\/tsf-duelmen.de\/"},{"@type":"ListItem","position":2,"name":"Geb\u00fchrenordnung"}]},{"@type":"WebSite","@id":"https:\/\/tsf-duelmen.de\/#website","url":"https:\/\/tsf-duelmen.de\/","name":"TSF D\u00fclmen","description":"Tanzen ist tr\u00e4umen mit de F\u00fcssen","publisher":{"@id":"https:\/\/tsf-duelmen.de\/#organization"},"potentialAction":[{"@type":"SearchAction","target":{"@type":"EntryPoint","urlTemplate":"https:\/\/tsf-duelmen.de\/?s={search_term_string}"},"query-input":{"@type":"PropertyValueSpecification","valueRequired":true,"valueName":"search_term_string"}}],"inLanguage":"de"},{"@type":"Organization","@id":"https:\/\/tsf-duelmen.de\/#organization","name":"TSF D\u00fclmen","url":"https:\/\/tsf-duelmen.de\/","logo":{"@type":"ImageObject","inLanguage":"de","@id":"https:\/\/tsf-duelmen.de\/#\/schema\/logo\/image\/","url":"https:\/\/tsf-duelmen.de\/wp-content\/uploads\/2019\/12\/cropped-TSF_Logo_wH_RZ.png","contentUrl":"https:\/\/tsf-duelmen.de\/wp-content\/uploads\/2019\/12\/cropped-TSF_Logo_wH_RZ.png","width":1387,"height":793,"caption":"TSF D\u00fclmen"},"image":{"@id":"https:\/\/tsf-duelmen.de\/#\/schema\/logo\/image\/"}}]}},"_links":{"self":[{"href":"https:\/\/tsf-duelmen.de\/index.php\/wp-json\/wp\/v2\/pages\/358","targetHints":{"allow":["GET"]}}],"collection":[{"href":"https:\/\/tsf-duelmen.de\/index.php\/wp-json\/wp\/v2\/pages"}],"about":[{"href":"https:\/\/tsf-duelmen.de\/index.php\/wp-json\/wp\/v2\/types\/page"}],"author":[{"embeddable":true,"href":"https:\/\/tsf-duelmen.de\/index.php\/wp-json\/wp\/v2\/users\/1"}],"replies":[{"embeddable":true,"href":"https:\/\/tsf-duelmen.de\/index.php\/wp-json\/wp\/v2\/comments?post=358"}],"version-history":[{"count":5,"href":"https:\/\/tsf-duelmen.de\/index.php\/wp-json\/wp\/v2\/pages\/358\/revisions"}],"predecessor-version":[{"id":1522,"href":"https:\/\/tsf-duelmen.de\/index.php\/wp-json\/wp\/v2\/pages\/358\/revisions\/1522"}],"wp:attachment":[{"href":"https:\/\/tsf-duelmen.de\/index.php\/wp-json\/wp\/v2\/media?parent=358"}],"curies":[{"name":"wp","href":"https:\/\/api.w.org\/{rel}","templated":true}]}}